49?
9
What is the tens digit of 36680340?
4
What is the ten thousands digit of 3081330329?
3
What is the tens digit of 33536790?
9
What is the millions digit of 45367553?
5
What is the tens digit of 54339598?
9
What is the billions digit of 2906646599?
2
What is the tens digit of 4997835?
3
What is the hundreds digit of 968404166?
1
What is the units digit of 15186319?
9
What is the thousands digit of 426384644?
4
What is the hundred millions digit of 1135403539?
1
What is the hundreds digit of 4250736?
7
What is the ten thousands digit of 95680363?
8
What is the millions digit of 9379167?
9
What is the tens digit of 878819445?
4
What is the units digit of 1718972672?
2
What is the hundred thousands digit of 10904489?
9
What is the hundred thousands digit of 127812663?
8
What is the millions digit of 45522230?
5
What is the units digit of 94639052?
2
What is the units digit of 1416332564?
4
What is the millions digit of 56914744?
6
What is the hundreds digit of 363900344?
3
What is the tens digit of 328035330?
3
What is the ten millions digit of 74697893?
7
What is the units digit of 35212694?
4
What is the tens digit of 16327623?
2
What is the hundreds digit of 36956557?
5
What is the tens digit of 990687723?
2
What is the thousands digit of 66744045?
4
What is the millions digit of 182180899?
2
What is the hundreds digit of 112687838?
8
What is the tens digit of 98829254?
5
What is the thousands digit of 140222789?
2
What is the units digit of 2119543991?
1
What is the millions digit of 4539352002?
9
What is the hundreds digit of 947033137?
1
What is the tens digit of 219467694?
9
What is the billions digit of 2140650125?
2
What is the hundred thousands digit of 2733919715?
9
What is the hundred millions digit of 109194096?
1
What is the millions digit of 375489670?
5
What is the units digit of 51190344?
4
What is the tens digit of 5776098186?
8
What is the hundred thousands digit of 133610304?
6
What is the hundreds digit of 314398166?
1
What is the hundreds digit of 18053658?
6
What is the tens digit of 1128083670?
7
What is the thousands digit of 1108596786?
6
What is the hundred thousands digit of 319878415?
8
What is the ten thousands digit of 628700888?
0
What is the hundreds digit of 1788814856?
8
What is the hundreds digit of 98039041?
0
What is the hundred thousands digit of 1995439891?
4
What is the hundred millions digit of 128848250?
1
What is the units digit of 278994486?
6
What is the millions digit of 607684174?
7
What is the hundred millions digit of 241222590?
2
What is the ten thousands digit of 2142011?
4
What is the hundreds digit of 37744792?
7
What is the tens digit of 59601320?
2
What is the hundred thousands digit of 2296056815?
0
What is the units digit of 8137696332?
2
What is the units digit of 798994765?
5
What is the thousands digit of 59036641?
6
What is the millions digit of 1343562466?
3
What is the tens digit of 48731177?
7
What is the ten thousands digit of 15284306?
8
What is the hundred thousands digit of 4157317?
1
What is the hundred thousands digit of 8245130?
2
What is the hundred millions digit of 102397876?
1
What is the tens digit of 377177896?
9
What is the units digit of 1561192898?
8
What is the units digit of 41836940?
0
What is the tens digit of 783669281?
8
What is the billions digit of 1294292449?
1
What is the hundreds digit of 127797014?
0
What is the tens digit of 505582415?
1
What is the millions digit of 167965318?
7
What is the millions digit of 26942605?
6
What is the units digit of 13115155?
5
What is the ten millions digit of 121430120?
2
What is the tens digit of 1108341534?
3
What is the units digit of 74548688?
8
What is the units digit of 218603475?
5
What is the hundred thousands digit of 1084548375?
5
What is the ten thousands digit of 166905214?
0
What is the hundreds digit of 116415612?
6
What is the units digit of 2820232144?
4
What is the hundreds digit of 80715340?
3
What is the billions digit of 1487299562?
1
What is the hundreds digit of 50380963?
9
What is the hundreds digit of 186617875?
8
What is the hundred thousands digit of 56040453?
0
What is the hundred thousands digit of 349689906?
6
What is the ten millions digit of 50388419?
5
What is the hundred thousands digit of 41081348?
0
What is the ten millions digit of 31595632?
3
What is the millions digit of 6687462642?
7
What is the hundred millions digit of 335978547?
3
What is the ten millions digit of 48554386?
4
What is the ten thousands digit of 74651696?
5
What is the millions digit of 63275795?
3
What is the millions digit of 1426387373?
6
What is the tens digit of 597688520?
2
What is the hundreds digit of 1754004400?
4
What is the hundred millions digit of 9068981037?
0
What is the hundred thousands digit of 45279587?
2
What is the thousands digit of 1817694435?
4
What is the hundred millions digit of 325723070?
3
What is the tens digit of 230709672?
7
What is the ten thousands digit of 8574847267?
4
What is the billions digit of 1642124475?
1
What is the thousands digit of 52304429?
4
What is the hundred millions digit of 1883727951?
8
What is the ten thousands digit of 253528013?
2
What is the tens digit of 146873718?
1
What is the thousands digit of 28491040?
1
What is the hundred millions digit of 2364811940?
3
What is the ten millions digit of 783461157?
8
What is the tens digit of 5598500879?
7
What is the thousands digit of 1305818638?
8
What is the hundreds digit of 310244438?
4
What is the tens digit of 27182918?
1
What is the units digit of 2026334923?
3
What is the units digit of 374540573?
3
What is the units digit of 35804888?
8
What is the hundred thousands digit of 741922460?
9
What is the ten millions digit of 5750431042?
5
What is the hundred thousands digit of 162777390?
7
What is the hundred thousands digit of 581800591?
8
What is the ten millions digit of 956177695?
5
What is the tens digit of 639335741?
4
What is the tens digit of 244562249?
4
What is the tens digit of 665958931?
3
What is the hundreds digit of 3750232728?
7
What is the units digit of 3332305483?
3
What is the hundreds digit of 158151964?
9
What is the units digit of 871444963?
3
What is the tens digit of 4025803208?
0
What is the hundreds digit of 4243382042?
0
What is the units digit of 889673415?
5
What is the ten millions digit of 3366732125?
6
What is the millions digit of 114458180?
4
What is the hundreds digit of 2398766261?
2
What is the hundred thousands digit of 673016970?
0
What is the thousands digit of 414489590?
9
What is the hundreds digit of 5843536767?
7
What is the hundred millions digit of 1377922444?
3
What is the millions digit of 115916170?
5
What is the ten thousands digit of 1606712067?
1
What is the hundred millions digit of 4602798993?
6
What is the millions digit of 690130834?
0
What is the hundreds digit of 599231622?
6
What is the hundred thousands digit of 324891915?
8
What is the units digit of 5898297?
7
What is the hundred thousands digit of 26091576?
0
What is the hundreds digit of 174066266?
2
What is the hundred millions digit of 1613769225?
6
What is the units digit of 62853733?
3
What is the hundreds digit of 7722332?
3
What is the millions digit of 17896866?
7
What is the thousands digit of 736567905?
7
What is the millions digit of 384752425?
4
What is the units digit of 20315931?
1
What is the hundred thousands digit of 1962218416?
2
What is the ten millions digit of 36155242?
3
What is the ten thousands digit of 337078650?
7
What is the ten millions digit of 50252447?
5
What is the hundred thousands digit of 55753917?
7
What is the hundreds digit of 3256542?
5
What is the tens digit of 26397685?
8
What is the hundred thousands digit of 381909766?
9
What is the hundred millions digit of 372489117?
3
What is the tens digit of 9331745?
4
What is the hundred millions digit of 2258350029?
2
What is the ten thousands digit of 58386553?
8
What is the units digit of 10279760?
0
What is the tens digit of 1074845883?
8
What is the thousands digit of 510388615?
8
What is the millions digit of 37830507?
7
What is the ten thousands digit of 294445702?
4
What is the ten thousands digit of 137029105?
2
What is the millions digit of 48691973?
8
What is the millions digit of 604274122?
4
Wh